k + 47. What is the units digit of w(15)?
2
Suppose 2*b + 6 = o, 5*o - 4*b - 30 = -6. Suppose o*m + 4 = 5*m. Suppose m*y - 5*n - 13 = 6*y, 0 = 4*y + 5*n + 11. What is the units digit of y?
1
Suppose -14*f = -6*f - 2208. Suppose -4*k - 3*q + 4*q + f = 0, -q = 0. What is the units digit of k?
9
Let j(v) = -18*v + 30. Suppose -8*l + 14 = -10*l. What is the units digit of j(l)?
6
Suppose o + 28 = 5*o. Suppose -o*z = -2*z - u - 1047, -2*z + 429 = 3*u. What is the units digit of z?
0
Let o(g) = g + 1. Let c(a) = -4*a - 4. Let v(r) = -3*c(r) + 15*o(r). What is the tens digit of v(7)?
1
Suppose n = 4*n + 6. Let c be (-7 - -9) + n*1. Suppose -4*w + 2*y + c*y + 56 = 0, 0 = -5*w - 2*y + 52. What is the units digit of w?
2
Let r(a) = -a**2 - 15*a - 18. Let i be (-108)/11 - (-36)/(-198). What is the units digit of r(i)?
2
Suppose 4*w = -2*s + 2468, 4*w - 5*s - 807 = 1647. What is the hundreds digit of w?
6
Suppose -5*h + 2*r + 64 = -2*r, 0 = h - 5*r - 17. Suppose 3*d = -h, -d = 3*g - 2*g - 23. What is the tens digit of 244/6*g/18?
6
Suppose -2*p - 2*p = 208. Let f = p + 30. Let k = 34 + f. What is the units digit of k?
2
Let l be 6 + -5 - (-4 + 2). Suppose v = l*o + 86, -3*o + 134 = 4*v - 195. What is the tens digit of v?
8
Let p(c) = c**2 + 2*c + 2. Let x be p(4). Let o = x + -4. What is the units digit of o?
2
Let d be -2 + 16 - 8/(-5 - -3). Let m = 13 + d. What is the units digit of m?
1
Suppose -4*q - 2*q = -42. Let o(m) = -41*m - 2. Let p(w) = -41*w - 2. Let j(n) = q*p(n) - 6*o(n). What is the tens digit of j(-1)?
3
Let a = 12 + -4. Suppose -3*i = -a*i. Suppose 4*p - 2*x + 36 = 162, i = -4*p - 3*x + 121. What is the units digit of p?
1
Let n be 2/(5/((-2265)/2)). What is the units digit of n/(-15) + (-3)/15?
0
Let u be 105/2*(4/1)/(-2). Let v = -70 - u. What is the units digit of v?
5
Let b(a) = -a**2 + 0*a**2 - 1 - 2 - a**3 - 13*a. What is the units digit of b(-5)?
2
Let r(g) = -449*g - 11. What is the hundreds digit of r(-1)?
4
Let f be 6 + 21 - 1*3. Suppose 2*m - m - 23 = -5*w, 4*m - f = -3*w. Let h(q) = 2*q**3 - 6*q**2 + 2*q - 5. What is the units digit of h(w)?
5
Suppose 3*i - 2769 = -4*m + 2*i, -3*m = 5*i - 2064. What is the hundreds digit of m?
6
What is the thousands digit of (8 - 101/2)*-30?
1
Suppose 8072 = 419*l - 411*l. What is the thousands digit of l?
1
Suppose 5*g + 5933 = -f + 4*f, -5*f = 4*g - 9913. What is the hundreds digit of f?
9
Let l(s) = 139*s**2 + 21*s + 91. What is the hundreds digit of l(-4)?
2
Let n(i) = -i**3 - 9*i**2 - 11*i + 1. Let v be n(-8). Let g = v + -34. Let w(l) = 2*l**2 + 11*l - 11. What is the units digit of w(g)?
2
Let v(l) = l**2 - 5*l + 5. Let j be v(4). Let g(z) = 22*z - 3. What is the tens digit of g(j)?
1
Suppose -3*b - 3*d + 438 = 0, -b + 89 + 37 = -4*d. Let v = b - 71. What is the tens digit of v?
7
Suppose 5*d = 2616 + 244. Suppose -5*l + 0*k - 4*k = d, -109 = l - k. Let o = -56 - l. What is the tens digit of o?
5
Let n be 0/(1 + 4/(-2)). Suppose 0 = -d - 3*u + 3, n = 2*d - 5*u - 2 - 4. Suppose 0 = 9*g - d*g - 222. What is the tens digit of g?
3
Suppose -5*g + 16 = -9. Suppose -5*n = 4*i + g - 30, -10 = -2*n - 2*i. Suppose 3*d + 3*j = 2*j + 88, n*d - 145 = -2*j. What is the units digit of d?
1
Let g be 1/(-4) - 1458/(-8). Let o = g - 94. What is the units digit of o?
8
Let c = -1229 - -2121. What is the units digit of c?
2
Let y be 24/(-36)*21*-1. Let v be (-33)/11 + 0 + y. Let q = v + 52. What is the tens digit of q?
6
Let s = 1554 + -624. What is the tens digit of s?
3
Let y(g) = -6 + 11*g + 10*g**2 + 0 - g**3 - 2. Let t be y(11). What is the tens digit of (t/(-12))/((-4)/(-150))?
2
What is the units digit of (1260/(-144))/(2/(-8)) - 0?
5
Suppose -4*p = 5*o + 149, -5*o = p - 4*p + 177. Let m = o - -90. What is the tens digit of m?
5
Let n be 32/10 - 5/25. Suppose -n*j - 16 = -7*j. Suppose j*h - 107 = u, 2*h + 132 = 7*h - 3*u. What is the tens digit of h?
2
Suppose -5*n - 4*v + 1108 = 0, 5*n - v - 227 = 4*n. Suppose 6*o = 2*o + n. What is the tens digit of o?
5
Suppose -20*y + 25299 = -3441. What is the hundreds digit of y?
4
Let o be (-87)/(-2) + 2/4. Let h = 85 - o. Suppose -3*c - 2*c - 25 = 0, -z + 5*c = -h. What is the units digit of z?
6
Let f be 27/6 + (-7)/(-14). Suppose 4*b + 4*g - 166 = b, 294 = f*b - 2*g. What is the tens digit of b?
5
Let k(z) be the second derivative of z**5/20 + 2*z**4/3 + 2*z**3/3 - 5*z**2/2 + 13*z. What is the units digit of k(-6)?
3
Let g be (-1)/3 + 280/12. Suppose -2*r + 99 + g = 0. What is the units digit of r?
1
Let d = 31 + -7. Let w = -23 + d. What is the tens digit of (-4)/(w*(-4)/16)?
1
Suppose -1756 + 8228 = 8*k. What is the units digit of k?
9
Let o(v) = -v**3 - v**2 - 1. Let d(u) = 4*u**3 - 3*u**2 - 8*u + 10. Let l(p) = d(p) + 5*o(p). Let f be (-5 - 0) + (1 - 3). What is the tens digit of l(f)?
1
Let j(s) = -s**3 - s**2 - 2*s + 34. Suppose 0 = -d + 3*d. What is the tens digit of j(d)?
3
Let a(j) = j**3 + 13*j**2 + 20 + j**2 - 22 + j**3. What is the tens digit of a(-6)?
7
Let z(g) = 10*g + 110. What is the units digit of z(28)?
0
What is the units digit of (-1192)/(1/1 + (7 - 10))?
6
Let w = -421 - -2185. What is the tens digit of w?
6
Suppose 6*g - 2*g = 4*d + 36, -g - 2*d = 0. Suppose 0*i + b + 16 = -i, g = 2*b. Let m = i + 50. What is the tens digit of m?
3
Let z = 7 + -5. Let q be (-22)/(-5) - (-2)/(-5). Suppose -z*f = -4*o + 152, -q*o - 2*f = -94 - 74. What is the tens digit of o?
4
Let l(s) = 9*s**3 - 35*s**2 + 3*s + 22. Let d(h) = 5*h**3 - 18*h**2 + h + 11. Let j(k) = 7*d(k) - 4*l(k). What is the tens digit of j(13)?
9
What is the units digit of 6/20 - 42861/(-130)?
0
Let r(z) = 101*z - 15. What is the units digit of r(4)?
9
Let x(p) = p**2 - 10*p - 2. Let a be x(17). Suppose 2*r + 3*v = 127, 3*r - r = -v + a. What is the tens digit of r?
5
Suppose 4*y - 5*y + 2 = 0. Suppose z - y*w - 193 = 0, 203 = 3*z - w - 396. What is the units digit of z?
1
Suppose -5*c = 2*l - 4, -8*l - 2*c = -3*l - 10. Suppose -z = 0, -3*z = 3*v - 2*z - 33. Let u = v + l. What is the tens digit of u?
1
Let r = -24 - -30. Suppose h - r*h + 351 = 4*j, -5*j + 443 = 2*h. Suppose 2*z - 3*l = 64, 3*z + l - j - 7 = 0. What is the units digit of z?
2
Suppose 0 = 2*w + 3*t - 175, 3*w - 5*t + 173 = 5*w. Let h = 159 - w. Let q = h - 49. What is the tens digit of q?
2
Let u = -366 - -782. What is the hundreds digit of u?
4
Suppose 5*v - 495 - 5405 = 3*p, -3*v + 3569 = 4*p. What is the units digit of v?
3
Suppose 2*r + 5*q - 18 = 0, 8*q = r + 5*q + 13. What is the units digit of 42/(-147) - r/((-14)/(-1054))?
5
Let y = 23 + -90. Suppose 0 = -126*l + 135*l + 882. Let s = y - l. What is the tens digit of s?
3
Let z(a) = 117*a + 732. What is the thousands digit of z(5)?
1
Suppose -2*w - 63 + 17 = 0. Let r be (w + -1)/((-4)/10). Suppose 0 = -4*q - 0*q + r. What is the units digit of q?
5
Let k(p) = p**2 - 5*p + 10. Let u be k(3). What is the hundreds digit of u/((-4)/11)*-13?
1
Let h = -2666 - -3788. What is the thousands digit of h?
1
Suppose 0 = 4*d + 4*c - 2940, -4*d - 7*c + 5*c = -2946. What is the units digit of d?
8
Let n(p) = -105*p - 91. What is the hundreds digit of n(-6)?
5
Suppose 0 = -560*z + 547*z + 988. What is the units digit of z?
6
Suppose 2*i - 23 = -2*m - 3*i, 4*m - 16 = -4*i. Let r be (3/(-6))/(m/6). Suppose r*a - 70 = 17. What is the tens digit of a?
2
Let y(d) = 9*d**2 + 12*d + 19. What is the units digit of y(-8)?
9
Suppose 2849 = 3*m - 1834. What is the units digit of m?
1
Let k = -71 - -261. Suppose b = 2*m - 98, -3*b - k - 57 = -5*m. What is the units digit of m?
7
Let x(w) = w**3 - 14*w**2 - 2*w + 9. Let j(m) = -m**3 + 15*m**2 + m - 9. Let i(o) = 6*j(o) + 7*x(o). What is the units digit of i(9)?
8
Let i(d) = 42*d - 213. What is the units digit of i(21)?
9
Suppose -7*s + 10*s + 382 = 2*u, -567 = -3*u + 3*s. What is the tens digit of u?
8
Suppose -3*d + d - 2*t + 976 = 0, 4*d = t + 1967. What is the units digit of d?
1
Let d(o) = -3*o - 28. Let u(f) = 2*f + 19. Let y(b) = -5*d(b) - 8*u(b). Let q be y(-11). What is the tens digit of 2 + (-2 + q - -25)?
2
Let t(l) = -11*l + 1. Let q = -4 - -8. Suppose m + 5 = -q*m. What is the units digit of t(m)?
2
Let y(n) = -n - 12*n + 0*n**2 - n**2 - 1 + 0. Let o be y(-6). Let l = 78 - o. What is the tens digit of l?
3
Suppose -182